-2*m**3 + m**2 + 1. What is p(-1)?
4
Let r(z) = z**2 - 13*z + 3. Calculate r(12).
-9
Let t(r) = 3*r + 7. Calculate t(2).
13
Let s(i) = -3*i - 3. What is s(7)?
-24
Let v(w) = -w**2 - 3*w + 97. Give v(0).
97
Let k(o) = -2*o**2 + 27*o - 5. Calculate k(13).
8
Let t(w) = -2*w**2 + 17*w - 3. What is t(7)?
18
Let q(b) = b**3 - 11*b**2 + 10*b + 9. What is q(10)?
9
Let t(c) = -6*c - 6. Determine t(-8).
42
Let f(s) = s + 5. Determine f(-2).
3
Let m(l) = 2*l**3 - 16*l**2 - 10. Give m(8).
-10
Let w(d) = -d**3 + 4*d**2 + 14*d - 4. Calculate w(6).
8
Let q(k) = 26*k - 147. Give q(8).
61
Let r(x) = -x**2 + 5*x - 1. Calculate r(4).
3
Let c(f) = -f**3 + 22*f**2 + f - 9. Give c(22).
13
Let v(a) = -a**3 - 10*a**2 - 12*a + 17. Calculate v(-8).
-15
Let f(r) = 2*r**2 - 19*r + 10. Give f(9).
1
Let x(w) = -9*w + 12. What is x(1)?
3
Let t(c) = 2*c**2 + 74*c + 83. Calculate t(-36).
11
Let h(v) = -v**2 - 3*v + 14. Give h(3).
-4
Let v(y) = 24*y - 54. Determine v(2).
-6
Let v(n) = n**3 - 10*n**2 + 9*n + 5. What is v(8)?
-51
Let a(d) = 2*d - 2. What is a(-16)?
-34
Let k(g) = -2*g**3 + 15*g**2 - 7*g + 1. What is k(7)?
1
Let b(z) = -z - 52. What is b(0)?
-52
Let a(y) = -47*y**3 + 2*y**2 + y - 2. What is a(1)?
-46
Let n(g) = g**3 + 5*g**2 - 9*g - 9. What is n(-6)?
9
Let j(o) = o + 7. What is j(8)?
15
Let p(n) = -n**3 + 6*n**2 - 10*n + 12. Calculate p(5).
-13
Let z(m) = m**3 + 6*m**2 - 2*m - 30. Give z(-5).
5
Let n(g) = g**3 - 7*g - 12. Give n(-2).
-6
Let v(k) = 2*k + 15. Calculate v(-12).
-9
Let n(d) = -2*d + 6. Determine n(7).
-8
Let q(i) = -3*i**3 - 9*i**2 + 11*i - 12. Determine q(-5).
83
Let p(q) = -9*q**2 + 30*q - 13. Determine p(3).
-4
Let f(i) = i**3 + 2*i**2 + 2*i. What is f(-2)?
-4
Let y(t) = -39*t**3 - t - 2. Give y(-1).
38
Let s(a) = -5*a**2 + a. Give s(-1).
-6
Let b(w) = w**3 - 4*w**2 - 5*w + 2. Calculate b(4).
-18
Let j(d) = 16*d - 2. Calculate j(2).
30
Let r(b) = b**3 + 4*b**2 + 7. Give r(-4).
7
Let x(u) = 15*u - 81. Calculate x(5).
-6
Let z(c) = -c**2 + 10*c + 4. What is z(6)?
28
Let r(l) = l - 4. Give r(4).
0
Let b(q) = -3*q**3 - q**2 + 14*q - 5. What is b(3)?
-53
Let u(l) = -5*l**3 - 3*l**2 + 5*l + 4. What is u(-2)?
22
Let m(o) = -o - 14. Calculate m(5).
-19
Let s(b) = b**3 + 10*b**2 + 15. Give s(-10).
15
Let z(y) = -2*y**3 + 25*y**2 + 42*y - 9. What is z(14)?
-9
Let u(g) = -g**2 + 5*g + 15. What is u(7)?
1
Let t(s) = -s**2 + s + 8. What is t(0)?
8
Let r(n) = n**2 + 6*n + 13. What is r(-6)?
13
Let u(s) = -s**3 - s. Give u(0).
0
Let d(m) = m - 2. Give d(3).
1
Let v(m) = -8*m + 244. What is v(31)?
-4
Let s(f) = f**3 - 29*f**2 + 31*f - 85. Give s(28).
-1
Let d(c) = c**2 - 25*c - 266. Calculate d(33).
-2
Let o(x) = x**3 - 11*x**2 - 12*x - 3. Give o(12).
-3
Let n(r) = 2*r**2 + 55*r - 111. What is n(2)?
7
Let t(z) = 9*z**2 + 51*z. Calculate t(-6).
18
Let k(z) = -z**2 + 11. Determine k(-7).
-38
Let m(j) = -j**3 - 7*j**2 + 3*j + 23. What is m(-7)?
2
Let n(j) = j**3 + 6*j**2 + 2*j + 4. Determine n(-7).
-59
Let i(y) = y**3 - 15*y**2 - 35*y + 27. Give i(17).
10
Let m(n) = n**2 - n + 6. Determine m(4).
18
Let m(i) = 4*i - 9. Give m(4).
7
Let v(c) = c**2 - 33. Calculate v(0).
-33
Let i(a) = -4*a**2 + 2. Determine i(2).
-14
Let h(g) = -g**2 - 7*g + 6. Determine h(-9).
-12
Let c(i) = -7*i**2 + 5*i - 2. Calculate c(3).
-50
Let k(b) = b**2 - 13*b + 2. Determine k(14).
16
Let r(z) = -2*z + 42. Give r(11).
20
Let f(j) = j**2 - 15*j + 25. What is f(12)?
-11
Let p(m) = 17*m - 20. Give p(2).
14
Let s(q) = -2*q**3 + 63*q**2 + 29*q + 102. Determine s(32).
6
Let r(q) = q**3 + 4*q**2 - q - 3. What is r(-4)?
1
Let h(t) = -20*t + 55. What is h(3)?
-5
Let r(d) = 9*d - 22. Calculate r(13).
95
Let l(d) = -d + 1. Determine l(-1).
2
Let s(d) = -4*d - 9. Give s(3).
-21
Let y(s) = -s**3 - 6*s**2 - 10*s - 11. Calculate y(-4).
-3
Let n(b) = 13*b + 47. Give n(5).
112
Let q(u) = -23*u - 21. Give q(-3).
48
Let j(t) = 5*t**2 + t - 2. What is j(3)?
46
Let g(y) = 3*y**2 + 9*y + 20. What is g(-3)?
20
Let g(i) = i**2 + 13*i + 13. Calculate g(-12).
1
Let t(p) = -p - 7. What is t(-10)?
3
Let a(k) = -60*k**3 - 2*k**2 - k. Give a(-1).
59
Let c(q) = -q + 3. Calculate c(-4).
7
Let p(n) = 10*n + 35. What is p(-11)?
-75
Let p(y) = -8*y + 57. Determine p(8).
-7
Let h(g) = -g**3 - g**2 + 16*g + 6. What is h(-4)?
-10
Let h(o) = o + 1. Determine h(-4).
-3
Let y(w) = -8*w + 23. Give y(2).
7
Let c(v) = -v**2 + 7*v - 19. Determine c(8).
-27
Let s(w) = -15*w - 71. Determine s(-4).
-11
Let z(u) = -3*u**2 - 4*u - 8. Calculate z(-2).
-12
Let s(d) = -2*d**3 - d**2 + 2*d. Calculate s(0).
0
Let s(w) = -10*w - 45. Determine s(-14).
95
Let q(d) = 2*d**2 - 21*d - 6. Determine q(11).
5
Let n(h) = 2*h**3 + 13*h**2 + 4*h - 11. What is n(-6)?
1
Let n(k) = -2*k**2 - 16*k + 11. What is n(-8)?
11
Let p(l) = -l**3 - l**2 + l + 8. Give p(0).
8
Let h(z) = z**3 - 2. Determine h(0).
-2
Let o(x) = -4*x - 122. Determine o(-31).
2
Let h(c) = -c**2 - 2*c - 2. Calculate h(-1).
-1
Let z(j) = -j**3 - 5*j**2 + 8*j + 5. Give z(-6).
-7
Let d(h) = h**2 - h + 3. What is d(0)?
3
Let d(o) = -o**2 - 9*o - 30. Give d(-4).
-10
Let f(l) = l**3 - 11*l**2 - 5*l + 30. What is f(11)?
-25
Let b(m) = m**2 + 50*m + 46. Give b(-49).
-3
Let j(f) = 112*f - 19. Calculate j(0).
-19
Let r(b) = -b**3 + 6*b**2 - 8*b + 5. What is r(5)?
-10
Let u(a) = a. What is u(-7)?
-7
Let t(f) = 3*f - 72. Calculate t(24).
0
Let f(g) = 17*g - 236. Give f(14).
2
Let b(r) = -2*r + 1. Give b(-5).
11
Let o(c) = 6*c - 24. What is o(3)?
-6
Let b(r) = -3*r - 5. Determine b(-2).
1
Let d(v) = -11*v**2 - 17*v + 18. Determine d(1).
-10
Let a(z) = 2*z - 25. Give a(16).
7
Let n(t) = -t**2 + 4*t - 7. Calculate n(3).
-4
Let f(p) = -p - 5. What is f(-4)?
-1
Let o(g) = -11*g + 74. What is o(8)?
-14
Let v(c) = 4*c**2 + c. Calculate v(-2).
14
Let c(x) = x**2 + 2*x - 5. Calculate c(-4).
3
Let i(a) = 3*a**2 - a + 8. Determine i(5).
78
Let z(p) = -15*p + 356. Calculate z(22).
26
Let d(n) = 3*n + 51. What is d(-15)?
6
Let c(w) = w**3 - 6*w**2 - 7*w - 1. What is c(7)?
-1
Let d(t) = -3*t - 50. Give d(-18).
4
Let v(j) = -2*j**3 - 7*j**2 + 5*j + 3. Calculate v(-4).
-1
Let z(b) = -9*b**2 + 1. Give z(1).
-8
Let p(b) = -8*b - 5. Calculate p(-3).
19
Let s(b) = -b**3 - b**2 + 3*b + 5. What is s(-2)?
3
Let y(h) = -h**2 - h - 3. Calculate y(-3).
-9
Let i(g) = g**3 + 12*g**2 + g + 5. Determine i(-12).
-7
Let h(m) = m**3 - 9*m**2 + 16*m - 8. Give h(7).
6
Let k(a) = -a**2 + 16*a + 17. Calculate k(14).
45
Let g(l) = -l**2 + 20*l + 18. Give g(13).
109
Let y(n) = n**2 - 9*n - 16. Calculate y(12).
20
Let i(k) = k**3 + 2*k**2 - 2*k + 11. What is i(0)?
11
Let h(n) = -n**2 - 11*n + 30. Determine h(-13).
4
Let h(c) = -c + 15. Calculate h(7).
8
Let k(t) = 11*t + 3. Give k(-1).
-8
Let x(o) = -4*o + 9. Calculate x(-3).
21
Let n(w) = -24*w**3 + w**2 + 2*w + 1. Calculate n(-1).
24
Let y(w) = -w**2 - 2*w + 17. Calculate y(-5).
2
Let u(g) = -9*g - 13. Determine u(-5).
32
Let k(l) = 3*l + 2. Calculate k(0).
2
Let z(o) = o**3 - 80*o + 15. Determine z(-9).
6
Let x(g) = -2*g + 11. Calculate x(5).
1
Let c(w) = w**3 - 9*w**2 + 10*w + 10. What is c(8)?
26
Let h(l) = -4*l + 70. Calculate h(-10).
110
Let f(s) = -s**3 + 2*s**2 + s - 5. Give f(5).
-75
Let x(o) = o**2 + 4*o - 3. Give x(-6).
9
Let r(j) = 5*j**2 + 4*j - 3. Give r(2).
25
Let j(h) = h**3 - 15*h**2 + 10*h + 54. What is j(14)?
-2
Let h(u) = -10*u**3 - 5*u - 2. Give h(-2).
88
Let n(f) = -f**3 + 4*f**2 + 9*f - 12. Calculate n(5).
8
Let c(l) = -l**2 + 9*l + 27. What is c(12)?
-9
Let a(h) = -h - 6. Give a(5).
-11
Let v(u) = -u**2 + 72*u - 1259. Calculate v(30).
1
Let g(t) = 4*t - 27. Determine g(0).
-27
Let d(r) = -r**2 + 3*r - 7. Calculate d(7).
-35
Let h(n) = n. Give h(3).
3
Let p(t) = -t**2 + 6*t - 1. Calculate p(4).
7
Let t(g) = g - 21. Give t(7).
-14
Let m(n) = -n**2 - 8*n - 2. What is m(-7)?
5
Let d(j) = j**3 - 3*j**2 - 2*j - 3. Determine d(3).
-9
Let h(n) = n**3 + 8*n**2 + 14*n + 5. Calculate h(-6).
-7
Let r(y) = -y**3 - 8*y**2 - 5*y + 11. What is r(-7)?
-3
Let o(s) = -s**3 + 20*s + 32. Give o(5).
7
Let j(b) = -3*b**3 + b**2 - b. Determine j(-1).
5
Let s(o) = 5*o - 99. Give s(21).
6
Let o(n) = 3*n**3 - 4*n**2 - 3*n - 3. Determine o(3).
33
Let t(u) = -u**3 - 11*u**2 - 2*u + 14. Give t(-11).
36
Let m(w) = 4*w - 58. Give m(17).
10
Let z(p) = 14*p + 45. What is z(-3)?
3
Let m(w) = 43*w +